3 and s?
3
Suppose k = -0*k - 3*v + 7, 4*k = -5*v + 35. Let x be -7*-10*5/35. Calculate the greatest common divisor of k and x.
10
Let h(k) = -k**2 - 11*k - 3. Let r be h(-6). Calculate the greatest common factor of r and 216.
27
Suppose -130*b + 134*b = 8. What is the highest common factor of 22 and b?
2
Let z = 9 + -7. Suppose -2*o = -5*g + 304, -z*g - 2*g + 4*o = -248. Let w = 21 + -9. What is the greatest common factor of w and g?
12
Let x(s) = 6*s - 1. Let o be x(3). Suppose 2*l - 4*z - 43 = -l, 3*z = 3*l - 45. What is the greatest common divisor of o and l?
17
Let u be 15/6*(-12)/(-10). Suppose u*i - 3 - 9 = 0. Calculate the highest common factor of 8 and i.
4
Let p(s) = s**2 + s + 1. Let u be p(-1). Let v be u + 1*(1 - -2). Suppose -5*c = -59 - 121. Calculate the highest common factor of v and c.
4
Let k = 8 + -8. Let f = 8 + k. Calculate the greatest common divisor of f and 16.
8
Let a be (0 + -1)/((-2)/8). Let k(h) = -h**2 + 5*h - 2. Let o be k(a). Calculate the highest common divisor of o and 16.
2
Let h be (-2)/((-1)/(4/2)). Suppose 5*m = -h*g - 138, 2*g = -2*m + 7*m + 156. Let b be ((-132)/(-15))/((-4)/m). Calculate the highest common divisor of 6 and b.
6
Let m = -131 + 191. Calculate the highest common divisor of m and 24.
12
Suppose 0 = b + 2 - 7. What is the greatest common factor of b and 20?
5
Let z be (4/(-10))/((-1)/(-5)). Let o be (1 + z)/(-4 - -3). Let p(g) = -g**3 - 5*g - 7. Let y be p(-2). Calculate the highest common factor of o and y.
1
Suppose -2*o + 44 = 4. What is the greatest common divisor of 20 and o?
20
Let d = 52 - 29. Calculate the highest common factor of 92 and d.
23
Suppose 1239 = 5*z - 2*a, 1 = 3*a + 7. Calculate the greatest common divisor of z and 19.
19
Let m be ((-1)/(1/8))/(-2). Let r = -3 - -10. Suppose -2*u + 17 = 3*j, 2 = m*u + j - r. Calculate the greatest common factor of u and 1.
1
Let m(t) = 2*t**2 - 7*t + 5. Suppose 5*b + y - 20 = 13, -y = -4*b + 30. Let c be m(b). What is the highest common factor of c and 9?
9
Let f be 10/85 + (-202)/(-17). Calculate the greatest common divisor of 132 and f.
12
Let g(r) = -r**3 - 16*r**2 - 31*r - 20. Let u be g(-14). Calculate the highest common divisor of u and 110.
22
Let z = -51 + 139. What is the highest common divisor of 8 and z?
8
Suppose -3*s + 178 = 4*y, -4*y + 7*y + 6 = 0. Calculate the greatest common divisor of s and 93.
31
Let c(v) = 7*v**2 - 4*v + 7. Let q be c(-4). Suppose -2*m + 7 + 47 = 0. Calculate the greatest common divisor of q and m.
27
Let w = 44 - 18. Suppose 3*d + 1 - 196 = 0. What is the highest common divisor of w and d?
13
Let v = 63 + -15. Calculate the greatest common divisor of 6 and v.
6
Let d(y) = -y**3 + 4*y**2 + 2*y - 4. Let c be d(4). Suppose c*o - 104 - 28 = 0. What is the highest common factor of 3 and o?
3
Suppose 268 = 6*c + 40. Calculate the greatest common factor of 95 and c.
19
Suppose 6*c - 4*c = 4. Suppose 5*q + c*w = 2*q + 98, w = -q + 33. Suppose 0 = 4*u - u - 24. What is the greatest common divisor of q and u?
8
Suppose -3*a + 316 = 4. Calculate the greatest common divisor of 13 and a.
13
Let j be -2 - -2 - (0 - 3). What is the greatest common factor of 9 and j?
3
Let t(b) = -2*b - 5. Let x be t(-5). Suppose 2*u - 9 = -4*v - 1, x*u = -4*v + 8. Let w be (48 + 3)/(1 - u). What is the greatest common factor of w and 17?
17
Let h(r) = -r**3 - 12*r**2 + 4. Let s be h(-12). Suppose -s*d + 5*d = 80. Let k(v) = -33*v - 1. Let g be k(-1). Calculate the greatest common factor of d and g.
16
Let a be 4 - (-2)/6*-6. Calculate the greatest common factor of 14 and a.
2
Let h be (22/(-3))/(3/(-9)). Let n be (396/(-2))/((-3)/3). Calculate the greatest common factor of h and n.
22
Suppose -4*z + 5*i = -27 - 121, 5*z - 5*i = 190. Calculate the highest common divisor of z and 105.
21
Let k(z) = -z - 3. Let u be k(-3). Suppose -q + u*q = -36. Let d(t) = t**2. Let j be d(3). Calculate the greatest common divisor of q and j.
9
Suppose -3 = k - 4*k. Let f(m) = 7*m**2 - m. Let g be f(k). Calculate the highest common factor of g and 54.
6
Suppose -7*d + 11*d = 288. Suppose o - 5*h + 19 = -2*o, 3*o - 4*h + 14 = 0. Let l(u) = 10*u - 2. Let y be l(o). Calculate the greatest common factor of d and y.
18
Let c be 122/(-8) - 8/(-32). Let x = c + 23. What is the greatest common divisor of 24 and x?
8
Suppose -4*m = -6*m + 150. What is the greatest common divisor of 15 and m?
15
Let y(m) = m + 1. Suppose 5*h = -18 + 53. Let n be y(h). Calculate the highest common divisor of n and 40.
8
Suppose -3*h = -2*m - 13, 17 = h + 4*h - m. Suppose h*s - 33 = -9. What is the greatest common divisor of 8 and s?
8
Suppose 0 = 4*n - 12*n + 80. What is the highest common factor of 130 and n?
10
Let x be 2 - ((-1)/4 - (-230)/(-8)). What is the highest common divisor of 155 and x?
31
Let z(j) be the second derivative of 49*j**5/10 + j**4/12 - j**3/6 + j**2/2 - 3*j. Let o be z(1). What is the greatest common factor of 9 and o?
9
Let n(l) = l - 1. Let b be n(5). Let r(s) = 1 + s + 2*s + 3*s - 2*s + b*s**2. Let h be r(4). What is the greatest common factor of 9 and h?
9
Suppose 0 = -5*w - 4 + 24. Suppose s = -w*y + 428, -4*y + 444 = -s - 2*s. Calculate the greatest common divisor of 12 and y.
12
Let r = 2 + 4. Calculate the greatest common factor of r and 42.
6
Suppose v = -5*z - 2*v, v = 5*z. Suppose 2*t + 13 - 47 = z. What is the highest common divisor of t and 136?
17
Suppose -5*x + 26 - 6 = 0. Suppose x*v + 48 = 4*c - 0*c, -5*v + 31 = 2*c. Let r = 88 + -49. Calculate the greatest common divisor of c and r.
13
Let x(b) = b**2 - 8 - 4*b + 8. Let m be x(6). Calculate the highest common divisor of 108 and m.
12
Suppose 4*u - 5 = -4*l + 3*l, -4 = -l - 5*u. Calculate the greatest common divisor of 72 and l.
9
Let a = -9 + 185. Calculate the greatest common factor of a and 16.
16
Suppose 0 = 4*p - 3*p. Suppose 0 = -2*k + 35 - 3. Let z = k - p. What is the highest common divisor of 16 and z?
16
Let r(z) = -z**3 - 8*z**2 + 3*z - 12. Let l be r(-9). Calculate the highest common divisor of l and 28.
14
Let q = -34 + 46. Calculate the greatest common divisor of q and 96.
12
Suppose 3*m + 5*u - 475 = -2*m, 5 = -5*u. What is the greatest common factor of m and 64?
32
Suppose -v - 3*h + 0*h = -9, -2*h - 4 = 0. Suppose 15 = 2*f - v. What is the highest common divisor of f and 30?
15
Suppose -8*q + 6*q = -50. What is the greatest common divisor of 50 and q?
25
Let b be 1/(-3) + 2068/12. Let j = b - 96. Calculate the highest common factor of 19 and j.
19
Suppose -5 = -2*j + o + 2, -5*j + 2*o + 20 = 0. Let q(d) = d**3 - 2*d**2 + 6*d - 2. Let g be q(4). Calculate the greatest common divisor of g and j.
6
Let t be (0 - -11)/((-4)/(-8)). What is the greatest common divisor of 44 and t?
22
Let y(b) = 11*b**3 + b**2 - 3*b + 1. Let h be y(2). Let q = h + -39. What is the highest common factor of 6 and q?
6
Let f(p) = -p**3 + 7*p**2 + 7*p + 11. Let b be f(8). Let t = 4 + b. Calculate the highest common divisor of 56 and t.
7
Let p be 1*(1 + -2) - -5. Let q = 16 + -1. Suppose 3*z - q = 3. Calculate the highest common divisor of z and p.
2
Suppose -6 = 2*n - 44. Let w = n - 16. What is the highest common divisor of w and 15?
3
Suppose 0*v + 56 = 7*v. Calculate the highest common factor of 20 and v.
4
Suppose -9*v = -372 - 384. Calculate the greatest common factor of 24 and v.
12
Let r(b) = 16*b**2 + 1. Let d be r(1). Let x = 13 + d. What is the highest common divisor of 6 and x?
6
Let l be -2 + 0 + 13 + 2. Let q = -8 + l. Let y be (2 - q)/3*-3. What is the greatest common factor of 15 and y?
3
Suppose -3*q + 40 = 2*q. Calculate the highest common factor of q and 2.
2
Suppose -3*b = -6 - 3. Calculate the highest common factor of 15 and b.
3
Suppose -5*n = -1 - 4. Let d be 24/(-40) - (-36)/10. Let k be (d/(-1))/(1 + -2). Calculate the highest common divisor of k and n.
1
Let h(z) = -z + 4*z - 2*z**3 - 9 + 4*z + z**3 + 3*z**2. Let f be h(4). What is the highest common divisor of 3 and f?
3
Let v be 313/3 + 14/(-42). Calculate the greatest common divisor of 8 and v.
8
Suppose 59 = 2*u + 31. Suppose -4*y + 351 = d - 99, -5*d + 10 = 0. What is the highest common divisor of u and y?
14
Let l = 37 - 53. Let d be (-568)/l - 2/(-4). What is the highest common divisor of 9 and d?
9
Let j(o) = 